0 divide 5450497?
False
Does 71 divide 434328?
False
Is 10772778 a multiple of 23?
False
Does 8 divide 56562?
False
Is 13 a factor of 116545?
True
Is 220248 a multiple of 12?
True
Does 193 divide 16984?
True
Is 6989353 a multiple of 3?
False
Does 654 divide 1311270?
True
Is 46 a factor of 1337973?
False
Is 212 a factor of 129350?
False
Is 45 a factor of 11289420?
True
Is 44 a factor of 16852?
True
Does 11 divide 575228?
False
Does 288 divide 267702?
False
Does 247 divide 2063197?
False
Does 4 divide 1327988?
True
Is 64 a factor of 23744?
True
Does 159 divide 514206?
True
Is 2550 a multiple of 15?
True
Does 17 divide 603619?
True
Is 24245 a multiple of 65?
True
Is 20199 a multiple of 7?
False
Is 19988 a multiple of 19?
True
Is 6365754 a multiple of 6?
True
Is 82 a factor of 312420?
True
Is 10130 a multiple of 33?
False
Does 33 divide 3300?
True
Is 488214 a multiple of 4?
False
Is 31460 a multiple of 13?
True
Does 168 divide 39050?
False
Does 124 divide 2951076?
True
Is 107484 even?
True
Does 31 divide 375287?
False
Is 16 a factor of 4952352?
True
Is 110804 a multiple of 467?
False
Is 316 a factor of 13264732?
True
Is 4620600 a multiple of 425?
True
Is 61 a factor of 1181507?
False
Is 112 a factor of 69275?
False
Is 88 a factor of 2323112?
True
Does 175 divide 8791650?
True
Is 5 a factor of 2902322?
False
Is 15 a factor of 253744?
False
Does 10 divide 244760?
True
Is 2425292 a multiple of 240?
False
Is 950 a factor of 1302450?
True
Is 3536346 a multiple of 22?
True
Does 14 divide 3813235?
False
Is 3020958 a multiple of 46?
True
Is 55 a factor of 875985?
True
Is 30 a factor of 3340560?
True
Is 112066 a multiple of 2?
True
Is 8 a factor of 9048?
True
Is 26 a factor of 3072056?
True
Does 149 divide 555472?
True
Is 390 a factor of 1925430?
True
Is 1735 a factor of 10245135?
False
Is 868247 a multiple of 397?
False
Is 2313597 a multiple of 1006?
False
Does 247 divide 9056201?
False
Does 15 divide 18368?
False
Is 128 a factor of 318848?
True
Does 11 divide 643837?
False
Does 23 divide 177029?
False
Does 180 divide 454184?
False
Is 16710 a multiple of 30?
True
Is 4901208 a multiple of 8?
True
Does 15 divide 255019?
False
Is 368604 a multiple of 6?
True
Does 468 divide 415584?
True
Does 5 divide 904151?
False
Is 57720 a multiple of 60?
True
Is 1168120 a multiple of 40?
True
Is 49 a factor of 32836?
False
Is 152 a factor of 1219413?
False
Is 982076 a multiple of 859?
False
Does 297 divide 253614?
False
Is 10 a factor of 441260?
True
Is 119 a factor of 227885?
True
Does 12 divide 22301?
False
Does 10 divide 3307?
False
Is 25 a factor of 146075?
True
Is 702 a factor of 320814?
True
Is 12173 a multiple of 37?
True
Is 266311 a multiple of 44?
False
Is 46053 a multiple of 7?
True
Is 7 a factor of 7280?
True
Does 7 divide 6733419?
True
Does 6 divide 520101?
False
Is 14 a factor of 2128980?
True
Is 202616 a multiple of 26?
False
Does 6 divide 1659720?
True
Is 2735436 a multiple of 34?
True
Does 364 divide 1971625?
False
Is 744952 a multiple of 13?
True
Is 172887 a multiple of 6?
False
Is 3416412 a multiple of 12?
True
Does 12 divide 2868?
True
Does 26 divide 10141615?
False
Is 5126110 a multiple of 252?
False
Is 3 a factor of 91526?
False
Does 35 divide 16691?
False
Is 7 a factor of 4638585?
True
Does 89 divide 11205011?
True
Is 97702 a multiple of 10?
False
Is 613164 a multiple of 186?
False
Is 750950 a multiple of 108?
False
Is 254610 a multiple of 27?
True
Is 238008 a multiple of 24?
True
Is 471733 a multiple of 72?
False
Does 107 divide 39697?
True
Is 2405590 a multiple of 11?
True
Is 14 a factor of 1567230?
True
Is 264 a factor of 17605?
False
Does 6 divide 89004?
True
Is 141180 a multiple of 156?
True
Does 20 divide 3706422?
False
Does 17 divide 327642?
False
Is 146 a factor of 3229162?
False
Is 2 a factor of 136835?
False
Is 17 a factor of 53614?
False
Is 13 a factor of 8952216?
True
Does 29 divide 223184?
True
Is 1988888 a multiple of 194?
True
Does 461 divide 4075240?
True
Is 8 a factor of 1228107?
False
Is 7 a factor of 266999?
False
Is 212 a factor of 245284?
True
Is 14618861 a multiple of 125?
False
Is 3750084 a multiple of 26?
True
Is 5058460 a multiple of 45?
False
Does 67 divide 1488874?
True
Is 342356 a multiple of 7?
True
Is 30333 a multiple of 9?
False
Is 767943 a multiple of 28?
False
Is 3287709 a multiple of 111?
True
Does 5 divide 1296170?
True
Is 9742950 a multiple of 70?
True
Does 865 divide 3036150?
True
Is 3352876 a multiple of 389?
False
Is 3295360 a multiple of 10?
True
Is 27300 a multiple of 114?
False
Does 159 divide 2968662?
False
Is 130162 a multiple of 302?
True
Is 6311 a multiple of 6?
False
Is 378 a factor of 14598009?
False
Is 4 a factor of 268080?
True
Is 938 a factor of 5102720?
True
Does 71 divide 69760?
False
Is 445326 a multiple of 483?
True
Does 25 divide 112625?
True
Is 373 a factor of 2099244?
True
Is 241852 a multiple of 8?
False
Is 307 a factor of 2850273?
False
Does 69 divide 839258?
False
Is 552690 a multiple of 178?
True
Is 38480 a multiple of 16?
True
Does 174 divide 3705330?
True
Is 38725 a multiple of 25?
True
Does 91 divide 754390?
True
Is 76 a factor of 9196?
True
Is 141503 a multiple of 197?
False
Is 1098 a factor of 27693713?
False
Is 111456 a multiple of 162?
True
Is 14745468 a multiple of 28?
False
Is 21244 a multiple of 113?
True
Is 6 a factor of 296598?
True
Is 3566226 a multiple of 17?
True
Does 37 divide 851341?
False
Does 39 divide 1631?
False
Is 91 a factor of 3243484?
False
Does 2000 divide 23716000?
True
Is 1019060 a multiple of 10?
True
Is 3795016 a multiple of 296?
True
Is 2520753 a multiple of 773?
True
Does 14 divide 1168256?
False
Does 260 divide 6075680?
True
Is 24 a factor of 75098?
False
Does 75 divide 23081175?
True
Is 14 a factor of 120929?
False
Is 71 a factor of 26269858?
True
Is 25 a factor of 258375?
True
Is 69 a factor of 576012?
True
Is 150028 a multiple of 327?
False
Does 453 divide 4447930?
False
Is 14838 a multiple of 32?
False
Does 8 divide 17688?
True
Is 56 a factor of 219800?
True
Is 1046623 a multiple of 562?
False
Is 4 a factor of 32744?
True
Does 7 divide 10024?
True
Is 8532 a multiple of 27?
True
Does 129 divide 149382?
True
Does 70 divide 219213?
False
Does 30 divide 272400?
True
Is 12 a factor of 33624?
True
Is 41 a factor of 446001?
False
Is 13 a factor of 655161?
True
Is 3858 a multiple of 14?
False
Does 13 divide 6812273?
True
Does 46 divide 55292?
True
Is 145351 a multiple of 18?
False
Is 223746 a multiple of 3?
True
Is 284539 a multiple of 42?
False
Is 13 a factor of 6073858?
False
Does 52 divide 2829031?
False
Is 8245605 a multiple of 457?
False
Is 4920872 a multiple of 8?
True
Is 21 a factor of 567315?
True
Is 7 a factor of 3672620?
True
Is 14376705 a multiple of 509?
True
Is 247257 a multiple of 9?
True
Does 351 divide 184626?
True
Does 13 divide 2205021?
True
Does 11 divide 1500158?
True
Is 540375 a multiple of 6?
False
Is 1245265 a multiple of 47?
True
Is 40 a factor of 10478?
False
Is 246907 a multiple of 103?
False
Is 244384 a multiple of 14?
True
Does 9 divide 12560841?
True
Is 17 a factor of 224574?
False
Is 104126 a multiple of 11?
True
Is 119 a factor of 14637?
True
Is 2576201 a multiple of 63?
False
Does 77 divide 649713?
False
Is 51952 a multiple of 68?
True
Does 20 divide 274042?
False
Is 12 a factor of 505407?
False
Is 595976 a multiple of 164?
True
Does 36 divide 1152?
True
Does 20 divide 487895?
False
Is 1662720 a multiple of 10?
True
Is 20145 a multiple of 51?
True
Does 135 divide 461295?
True
Is 3130967 a multiple of 39?
False
Does 1255 divide 1002977?
False
Is 38261 a multiple of 17?
False
Does 9 divide 3288714?
False
Is 27 a factor of 2390148?
True
Is 309876 a multiple of 98?
True
Is 315590 a multiple of 133?
False
Does 10 divide 124543?
False
Does 15 divide 20200606?
False
Does 24 divide 81216?
True
Is 15 a factor of 3456143?
False
Does 83 divide 8292447?
True
Does 15 divide 245505?
True
Is 1283185 a multiple of 285?
False
Is 34 a factor of 1602144?
False
Is 32 a factor of 437057?
False
Is 37 a factor of 38372?
False
Is 4180606 a multiple of 47?
False
Is 9 a factor of 3406982?
False
Is 44 a factor of 160331?
False
Is 89 a factor of 81138?
False
Is 278 a factor of 3997795?
False
Is 37 a factor of 694194?
True
Is 8409 a multiple of 3?
True
